 the remainder when 4 is divided by l.
1
Let r(f) = -2*f**2 + 19*f + 50. Let q be r(11). What is the remainder when 2/(-4)*-28*(q + -2) is divided by 53?
51
Let w be (-23)/23 - (2 - 8). Suppose -w*q = -30 - 310. Calculate the remainder when q is divided by 26.
16
Let t = 200 - 84. Calculate the remainder when 544 is divided by t.
80
Let i(o) = -o**3 - 4*o**2 + 3*o - 4. Let y be i(-5). Let d be ((-2)/(-15) + y/9)*-45. Let t = d + 68. What is the remainder when 60 is divided by t?
28
Let p(t) = 74*t**2 + 3. What is the remainder when p(3) is divided by (268/1005)/((-8)/(-180)) - (-10 + 0)?
13
Suppose -434*x + 920 = -429*x. Suppose 4*d = 4*g - x, 5*g - 5*d - 220 = -10*d. Calculate the remainder when g is divided by 12.
9
Let c(f) = 90*f - 4099. What is the remainder when 129 is divided by c(46)?
6
Let c be (2/3)/(1/(-3)). Suppose v - 281 = -2*w, -6*v - 95 - 26 = -w. What is the remainder when w is divided by (-36)/(-10)*(8 - c)?
31
Suppose 300 = 3*i + i. Suppose 137 = 4*k + 3*r, 128 = 3*k - 4*r - 6. What is the remainder when i is divided by k?
37
What is the remainder when 12/(-66) - (-10)/(1540/52234) is divided by 138?
63
Calculate the remainder when 8094 + 16*(-242)/(-176) is divided by 66.
64
Calculate the remainder when 563 is divided by ((-7656)/99)/(1*6/(-9)).
99
Suppose -29*z + 28921 = -302723. Calculate the remainder when z is divided by 31.
28
Calculate the remainder when 504/(-189)*(-738)/3 is divided by 12.
8
Suppose 1292 + 2141 = 12*v - 443. Calculate the remainder when v is divided by 15.
8
Let u = 80 + -93. Let a(j) = -j**3 - 15*j**2 - 27*j + 14. Let g = -179 + 257. Calculate the remainder when g is divided by a(u).
24
Suppose -146 = -4*o + 1029*r - 1027*r, -5*o + 163 = 4*r. Calculate the remainder when 18372 is divided by o.
32
Let h = -1131 - -2373. What is the remainder when h is divided by 4?
2
Let v be (-417)/(2 + 5/15*-3). Let s = 422 + v. What is the remainder when (-200)/(-11) + 4/(-22) is divided by s?
3
Calculate the remainder when 403 is divided by ((-340)/(-51))/(3/90).
3
Let l(k) = 7413*k + 21. Suppose -2*c - 9 = -69. Calculate the remainder when c is divided by l(0).
9
Suppose 0 = -2*v - 3*x + 167, 200*x - 284 = -4*v + 204*x. Calculate the remainder when v is divided by 68.
8
Suppose -3*v - 2*v - 217 = -3*d, -2*d = -10*v - 158. Calculate the remainder when 434 is divided by d.
20
Suppose 342 = 3*s + 3*g, 0 = -224*g + 109*g + 110*g + 75. Suppose -2*x + 84 = x. Calculate the remainder when s is divided by x.
15
Let f = 1060 + -595. Suppose -18*o + 345 = -f. Calculate the remainder when 133 is divided by o.
43
Let l(v) = v**2 + 6*v + 10. Let p be l(-5). Suppose -p*m + 2*h = -0*h - 72, 2 = -2*h. Calculate the remainder when (-1*(-1 + 0))/(4/136) is divided by m.
6
Suppose l = 63*x - 64*x + 27, 139 = 5*l + 3*x. Calculate the remainder when 126 is divided by l.
10
Suppose -m + 68 = x + 12, -2*x + 100 = -4*m. Suppose 21*h - x = 15*h. What is the remainder when h is divided by 2?
1
Let y(o) = o**2 + 19*o + 63. Let j be y(-26). Let c = j - 226. Calculate the remainder when 92 is divided by c.
16
Suppose 0 = -2*t - 2*r + 24, 3*t - 30 = t + r. Let x = t + 2. Calculate the remainder when (0/(-2))/(1*-2) + 251 + -204 is divided by x.
15
Let s be 12*(0 - 4/3) + 0. Let v(o) = -5*o - 3. Let q be v(-1). Calculate the remainder when 27 is divided by (-8)/s + (27/q)/1.
13
Let p = -100 - -139. Suppose 23*n - 148 = 21*n. What is the remainder when n is divided by p?
35
Let l(m) = -m**3 + 13*m**2 - 7*m - 27. Calculate the remainder when (-39 + -5)/11*(-63)/4 is divided by l(12).
30
Suppose 0 = h - 2*h - 2. Calculate the remainder when 849/15 - h/(-5)*-1 is divided by (-73)/(-7) + (-6)/14.
7
Suppose 3*t = -t - 6*y + 1988, 5*t + 2*y - 2507 = 0. What is the remainder when t is divided by 73?
65
Let m(j) = 3*j**3 + j**2 - 5*j - 16. Let g be m(5). Let o = g + -306. Calculate the remainder when 203 is divided by o.
44
Suppose i - 4*b - 72 = 0, 3*i - 2*i - 3*b = 67. Calculate the remainder when i is divided by 21.
10
Let f = -394 - -427. Suppose 3*b - 68 = -b - 4*p, 4*b - 98 = 2*p. Calculate the remainder when f is divided by b.
11
Let f(w) = -21*w + 109. Let i be f(-26). Let z = -642 + i. Calculate the remainder when 480 is divided by z.
12
Let l be ((-330)/(-40))/(-11)*-4. Suppose -5*a + 424 = k, 0 = 7*a - 6*a - l*k - 72. Suppose -4*v + 30 = -14. What is the remainder when a is divided by v?
7
Let t = -322 - -350. Suppose 3*i + 2*d = -2*i + 40, -20 = -4*d. What is the remainder when t is divided by i?
4
Suppose 0 = -4*v + t + 16880, -60*t = -58*t. What is the remainder when v is divided by 21?
20
Suppose 0*p + p = 3*f - 152, -2*f = 2*p - 112. Calculate the remainder when (f/16)/((-2)/(-24)) is divided by 4.
3
Let u be ((-6 + 1)*-1)/1. Let q(j) = 13*j - 62. What is the remainder when 4 is divided by q(u)?
1
Let f(x) = -36*x - 235. Calculate the remainder when 1264 is divided by f(-8).
45
Let j be -7 - (2/(-4) - (-11)/(-2)). What is the remainder when -3*22*j/2 is divided by 11?
0
Calculate the remainder when 497 is divided by (15/(-10))/(7/(-686)).
56
Calculate the remainder when 1650 is divided by (230/20)/((-66)/24 - -3).
40
Suppose -91 = -14*y + 26*y - 355. What is the remainder when 99 is divided by y?
11
Suppose -5*r - 11*r + 1276 = -436. Suppose 0 = 3*v - 9. Calculate the remainder when r + 0 - 28/(21/v) is divided by 26.
25
Suppose 0 = 41*m - 42*m + 17. Let h(n) = -29 - 13*n - m*n + 22*n. What is the remainder when 76 is divided by h(-7)?
22
Suppose 4*s = y - 0*s - 56, -3*s + 326 = 5*y. Suppose 6*m - y = 2*m. Let x = 97 + -35. What is the remainder when x is divided by m?
14
Let v be 19/(((-8)/(-6))/4). Let l = v + -34. Let g = -92825 + 92866. Calculate the remainder when g is divided by l.
18
Suppose 17*j + 220 = 27*j. Suppose -18*h + 1009 + 35 = 0. Calculate the remainder when h is divided by j.
14
Let h = -443 + 343. Calculate the remainder when 161 is divided by h/(-15)*(-126)/(-35).
17
Let t(a) be the first derivative of 5 + 0*a + 4/3*a**3 - 1/4*a**4 + a**2. What is the remainder when 27 is divided by t(3)?
12
Suppose -1484*w = -1525*w + 1394. What is the remainder when 758 is divided by w?
10
Suppose -15*b - 51*b + 3149 = b. What is the remainder when 94 is divided by b?
0
Suppose -18 = -4*v - 6. Suppose -2*u = -6, -2*u = 2*t - v*t + 6. Calculate the remainder when 23 is divided by t.
11
Let v(s) = s**2 - 33*s - 3238. Calculate the remainder when v(87) is divided by 133.
130
Let b = -28 - -27. Let r be (-3)/(((-8)/(-40))/(b/3)). Suppose -100 = -r*o + 35. What is the remainder when 321 is divided by o?
24
Suppose 3*o - 48 = -3*o. Suppose -a - o = -3*b - 3, 4*b = 12. Suppose -2*x + 102 = a*x. Calculate the remainder when 33 is divided by x.
16
Suppose 5*v = 3*p - 13, -p - 5*v = -5*p + 19. Let t = 23993 - 23899. Suppose -t = -4*j - p. Calculate the remainder when 61 is divided by j.
17
Let w(l) = 16*l - 23. Let h = -106 + 109. Calculate the remainder when w(h) is divided by 6/(-10) + (-1022)/(-70).
11
Let c = 1541 + -1093. Let l(s) = -65*s + 25. What is the remainder when c is divided by l(-1)?
88
Let v = -15 + 33. Let x(s) = 5*s**2 + 7*s + 27. Let a be x(-5). Suppose 0 = 4*m - 23 - a. Calculate the remainder when m is divided by v.
17
Let i(j) be the first derivative of j**4/4 - 6*j**3 + 85*j**2/2 - 15*j - 81. What is the remainder when 216 is divided by i(11)?
70
Calculate the remainder when 1273 is divided by ((-2057)/(-22) - -13)/(3/4).
137
Suppose -4*d = 5*i + 390, -469 = -2*d + 7*d - 3*i. Let l = -51 - d. Let p(f) = 67*f**2 + 936*f - 20. What is the remainder when l is divided by p(-14)?
4
Let j(n) = 5*n**2 + 92*n - 105. Calculate the remainder when j(-22) is divided by 38.
25
Let x(i) = -853*i - 5314. What is the remainder when x(-7) is divided by 139?
101
Calculate the remainder when 231 is divided by 3/(21/(-56)) + 228.
11
Let y be 1 + 15*(-1)/3. What is the remainder when y + (-5 - (-8 - 399)) is divided by 20?
18
Let s = 750 - 717. Calculate the remainder when s is divided by 8 + (12/18)/((-2)/(-3)).
6
Suppose 3*t + 39*x + 6 = 37*x, 0 = 5*x + 30. What is the remainder when 389 is divided by t?
1
Suppose 2*h - 3*h + 57 = 0. Calculate the remainder when (548/959)/(2/1393) is divided by h.
56
Suppose 2*t + p = 3*p + 16, -